en ((-68)/5 - -13)*f/(-2) is divided by 65.
61
Let z be (-1)/8 + 50/16. Suppose -z*f + 53 = -q + 5*q, 3*q - 4*f = 46. Suppose -3*l = q - 92. What is the remainder when l is divided by 14?
12
Suppose -28*x + 4064 = 1068. Let u = 342 - x. Calculate the remainder when u is divided by 30.
25
Let q(r) = r**3 - 15*r**2 - 15*r - 345. What is the remainder when q(22) is divided by 20?
13
What is the remainder when 10763 is divided by (92 + 0)*(-6 - (13 + -9 - 11))?
91
Let d(z) = 4*z + 97. What is the remainder when d(-8) is divided by 61?
4
Suppose 14*u - 4*w - 4365 = 11*u, -w + 4350 = 3*u. What is the remainder when u is divided by 112?
107
Let d(c) = -c**2 + 6*c + 4. Suppose -111*i + 97 = -110*i + k, -3*i + 273 = k. What is the remainder when i is divided by d(5)?
7
Suppose -9*v - 279 = 22*v. What is the remainder when (3 + 21/14)/(v/(-96)) is divided by 13?
9
Let a = 36 + -34. What is the remainder when 233 is divided by (a + 0)/(21/630)?
53
Let p = -256 + 310. What is the remainder when 746 is divided by p?
44
What is the remainder when 160 is divided by 222/((-114)/(-12) - (4 - -4))?
12
Let d = 237 + -504. Let u = -152 - d. What is the remainder when u is divided by 3?
1
What is the remainder when 651 is divided by (-1928)/(-12) - (14/(-42) - 0)?
7
Let k(l) = -2*l**2 + 77*l + 35. Let h be k(39). Let y(b) = -2*b**2 - 18*b - 22. Suppose 5*i - 165 = -0*i. Calculate the remainder when i is divided by y(h).
15
Let s(b) = b**2 - 11*b + 20. Let m be s(6). What is the remainder when 12/m*(-3080)/42 is divided by 34?
20
Suppose -113 = -5*d + 7. Let l = 19190 + -18783. What is the remainder when l is divided by d?
23
Let o = 157 - 148. Suppose -5 - 67 = -o*y. Calculate the remainder when 12 is divided by y.
4
Let u(b) = b**3 + 8*b**2 + 9*b - 9. Suppose q - 4*d + 1 = 0, 4*d - 3 = -7. What is the remainder when 58 is divided by u(q)?
16
Suppose -4*t - 2*v = -10, 2 = v + 1. Suppose t*h + 4*m - 44 = 0, -3*h - 2*m = 2*h - 142. What is the remainder when 148 is divided by h?
28
Let t = -4745 + 4772. Let q = 128 - -80. What is the remainder when q is divided by t?
19
Suppose -43861 = -147*z - 32983 + 146118. What is the remainder when z is divided by 5?
3
Let f = 29 + 9. Let p = f - 23. What is the remainder when 43 is divided by p?
13
Suppose -4*d + 4*h = 1100, 5*h - 36 = -d - 305. Let l = d + 357. Calculate the remainder when l is divided by 28.
27
Suppose -11019 = -5*c - q, -58*c + 63*c - q - 11001 = 0. What is the remainder when 2214 is divided by c?
12
Let j = 148 + -168. Calculate the remainder when (12/j)/(1/(-510)) is divided by 31.
27
Let x = -18 - -25. Suppose -x*s + 12 = -2. Suppose j = 5*p - 6, -p = -2*j - s*p + 43. Calculate the remainder when 54 is divided by j.
16
Suppose 0 = 191*g - 223*g - 71 + 647. What is the remainder when 2048 is divided by g?
14
Let o = 23 - -3. Let s(p) = 2*p + 22. Let f be s(-9). Suppose -f*c + 125 = -71. Calculate the remainder when c is divided by o.
23
Let a be -10*(1 - 14/4). Let i = 33 + a. Let f(j) = -1414*j**2 - 32521*j + 33. Calculate the remainder when i is divided by f(-23).
8
Let o = 37153 + -37146. Calculate the remainder when 2875 is divided by o.
5
Suppose t - 5 = 0, -989 - 6668 = -3*f - 5*t. Calculate the remainder when f is divided by 832.
48
Let n(o) = -4*o**2 + o + 79. Let m be n(0). Let l = -104 + m. Let s = -8 - l. What is the remainder when 47 is divided by s?
13
Let a(k) = -45*k**3 + k**2 + 2*k + 1. Let c be a(-1). Suppose -w + c = 2*w. Suppose 112 + 240 = 8*h. Calculate the remainder when h is divided by w.
14
Suppose -275 = 4*t - 9*t. Suppose 2*c + 14 - t = -3*f, -4*f - 5*c = -57. Let m = 121 + -98. Calculate the remainder when m is divided by f.
10
Let n be -16*-2*1/2. Suppose 45*y - 1566 = n*y. Calculate the remainder when 152 is divided by y.
44
Suppose 164 = -4*r + j + 1477, -20 = 4*j. What is the remainder when 1567 is divided by r?
259
Suppose 2*y + 7782 = -5*i + 23896, 4*y = 2*i + 32252. What is the remainder when y is divided by 28?
26
Let t be (-5208)/(7 + -1)*-1. Let f = t - 837. Calculate the remainder when 89 is divided by f.
27
Let p(l) = 10*l**2 - 7*l + 2. Let i = 117 - 115. What is the remainder when 137 is divided by p(i)?
25
Let f = 60 - 18. Let x = 46 + -27. Suppose -5*m + x + 36 = 0. Calculate the remainder when f is divided by m.
9
Let f = -12716 + 12756. What is the remainder when 2199 is divided by f?
39
Suppose -4*d + 5*o = -6385, o + 195 = -2*d + 3384. What is the remainder when d is divided by 7?
6
Let b = -9 + 6. Let x(d) = -14*d + 146. Let c be x(11). Calculate the remainder when 79 is divided by 54/c*((3 - 4) + b).
25
Let p = 222 + -334. Let z = 35 + -133. Let k = z - p. Calculate the remainder when 96 is divided by k.
12
Let k(z) be the third derivative of -z**5/60 + 3*z**4/8 - 5*z**3/6 - 5*z**2. Suppose 0 = -0*x - 4*x + 28. Calculate the remainder when 15 is divided by k(x).
6
Suppose -3*w - 193 + 541 = 0. What is the remainder when 62 is divided by w/12 - (-4)/3?
7
Suppose -2396*j - 7530 = -2406*j. What is the remainder when j is divided by 247?
12
Let h = 469 - 472. Let x(z) = -29*z - 24. What is the remainder when x(h) is divided by 11?
8
Suppose -o - 2 = 0, j - 2*j + 5*o + 96 = 0. Let y = 99 - j. Let k = 18 + y. What is the remainder when k is divided by 11?
9
Let x = 4499 - 4202. Calculate the remainder when x is divided by 139.
19
Suppose 3*c + 2*z = 31, 4*z = c + c - 10. Let y(f) = 7*f**2 + 10*f - 20 - 18*f**2 + 12*f**2. Calculate the remainder when c is divided by y(-12).
1
Let k = 3499 - 3427. Calculate the remainder when k is divided by 48.
24
Suppose 0 = -c + 1, -8*s = -3*s + 3*c - 1383. Let g = -269 + s. What is the remainder when 82 is divided by g?
5
Let o(b) = -17 - 3*b + 24*b - 47*b**2 + b**3 + 36*b**2. What is the remainder when 607 is divided by o(9)?
7
Suppose 4*d + 4*m - 23 = 3*d, 0 = -d + 4*m - 1. What is the remainder when -49*6/18*-3 is divided by d?
5
Let z(m) = -262 + 263 - 10*m + m. Let o = 2 + -3. What is the remainder when 19 is divided by z(o)?
9
Suppose -13*l - 2*h - 559 = -10*l, 0 = l + 3*h + 184. Let j = l + 248. Calculate the remainder when j is divided by 21.
19
Let x be (-1790)/70 + (-8)/(-14). Let v = -103 - -150. Calculate the remainder when v is divided by ((-5)/x*5)/((-2)/(-52)).
21
Suppose -12*w + 60 = 0, -6*q + 21110 = -q - w. Calculate the remainder when q is divided by 13.
11
Calculate the remainder when (-1)/(-4) - (-2)/(8/3807) is divided by 156.
16
Suppose 39*s - 814 = 17*s. Suppose -4*h - 4*o = -0*h - 436, -5*o = -h + 103. Calculate the remainder when h is divided by s.
34
Let h(j) = 5*j**2 + 13*j - 14. Let c(p) = -p**2 - 6*p + 5. Let s be c(-6). What is the remainder when h(s) is divided by 14?
8
Suppose 4 = o - 5*o. Let v(b) = 144*b - 1416. What is the remainder when 46 + (0 - (-2)/o) is divided by v(10)?
20
Suppose 17*y = 12*y + 30. Let h(d) be the second derivative of d**4/4 + d**3/2 - 3*d**2/2 + d. Calculate the remainder when h(2) is divided by y.
3
Let q = 76 + -41. Let s be (-19)/(-1 + -2 - -2). Suppose 0 = 2*f - 5 - s. Calculate the remainder when q is divided by f.
11
Suppose 0*o + 3*o = -o. Suppose o = 15*k - 19*k + 260. Let i = k + -62. What is the remainder when i is divided by 2?
1
Let u = -1026460 + 1026535. Suppose 0 = 3*d, 4*q - d = 4*d + 156. Calculate the remainder when u is divided by q.
36
Let k(r) = r**2 + 4*r + 1. Let w(m) = -m + 4. Let b(f) = -4*f + 19. Let t be b(6). What is the remainder when k(-8) is divided by w(t)?
6
Let r be 60/8 + 1 + (-9)/6. Suppose r*h - 591 = -45. Suppose 0*j + 6*j - h = 0. What is the remainder when 25 is divided by j?
12
Let w(o) = 15*o**2 - 12*o + 27. Let k be w(5). Suppose -a + 489 = 2*u, -2*u + 3*a + k = -151. What is the remainder when u is divided by 82?
81
Let f = -195 - -195. Suppose -g - 5*p + 50 + 12 = f, 3*g - 172 = -p. Calculate the remainder when g is divided by 26.
5
Suppose 2020 = -46*o + 27228. What is the remainder when o is divided by 182?
2
Let r(u) = 2356*u + 93. Let g be r(5). Suppose g = 2*y + 29*y. What is the remainder when y is divided by 26?
19
Suppose -4*c - 4*z = -188, -3*z - 39 = -2*c + c. Suppose -534 = -20526*y + 20520*y. Calculate the remainder when y is divided by c.
44
Let m(i) = 3*i**2 + 2*i - 3. Calculate the remainder when (266 - 2